{"id":6069,"date":"2025-04-07T11:34:35","date_gmt":"2025-04-07T11:34:35","guid":{"rendered":"https:\/\/gileaddigital.com\/nattika\/?page_id=6069"},"modified":"2025-06-09T08:38:20","modified_gmt":"2025-06-09T08:38:20","slug":"impressum","status":"publish","type":"page","link":"https:\/\/gileaddigital.com\/nattika\/impressum\/","title":{"rendered":"Impressum"},"content":{"rendered":"\t\t<div data-elementor-type=\"wp-page\" data-elementor-id=\"6069\" class=\"elementor elementor-6069\" data-elementor-post-type=\"page\">\n\t\t\t\t<div class=\"elementor-element elementor-element-77c7881 e-flex e-con-boxed e-con e-parent\" data-id=\"77c7881\" data-element_type=\"container\" data-e-type=\"container\">\n\t\t\t\t\t<div class=\"e-con-inner\">\n\t\t\t\t<div class=\"elementor-element elementor-element-ad4fba6 elementor-widget elementor-widget-heading\" data-id=\"ad4fba6\" data-element_type=\"widget\" data-e-type=\"widget\" data-widget_type=\"heading.default\">\n\t\t\t\t<div class=\"elementor-widget-container\">\n\t\t\t\t\t<h2 class=\"elementor-heading-title elementor-size-default\">Verantwortlich f\u00fcr den Inhalt<\/h2>\t\t\t\t<\/div>\n\t\t\t\t<\/div>\n\t\t\t\t\t<\/div>\n\t\t\t\t<\/div>\n\t\t<div class=\"elementor-element elementor-element-880df67 e-flex e-con-boxed e-con e-parent\" data-id=\"880df67\" data-element_type=\"container\" data-e-type=\"container\">\n\t\t\t\t\t<div class=\"e-con-inner\">\n\t\t<div class=\"elementor-element elementor-element-c7bb563 e-con-full e-flex e-con e-child\" data-id=\"c7bb563\" data-element_type=\"container\" data-e-type=\"container\">\n\t\t\t\t<div class=\"elementor-element elementor-element-a04c91d elementor-widget elementor-widget-text-editor\" data-id=\"a04c91d\" data-element_type=\"widget\" data-e-type=\"widget\" data-widget_type=\"text-editor.default\">\n\t\t\t\t<div class=\"elementor-widget-container\">\n\t\t\t\t\t\t\t\t\t<p><strong>Nattika Ayurveda GmbH<br \/><\/strong><br \/>Schlosspark 1, 17217 Penzlin, Germany<br \/>Telephone: <a href=\"tel:+49 3962 221220\">+49 3962 221220<\/a><br \/>Email: <a href=\"mailto:reservation@nattikaayurveda.com\">reservation@nattikaayurveda.com<\/a><br \/>Commercial Register: Amtsgericht Neubrandenburg HRB 21947\u00a0 \u00a0 \u00a0<br \/>Managing Director: Mr. Joseph Kodath<br \/>VAT ID No.: DE363082258<\/p>\t\t\t\t\t\t\t\t<\/div>\n\t\t\t\t<\/div>\n\t\t\t\t<\/div>\n\t\t<div class=\"elementor-element elementor-element-40011c1 e-con-full e-flex e-con e-child\" data-id=\"40011c1\" data-element_type=\"container\" data-e-type=\"container\">\n\t\t\t\t<div class=\"elementor-element elementor-element-5719b5d elementor-widget elementor-widget-text-editor\" data-id=\"5719b5d\" data-element_type=\"widget\" data-e-type=\"widget\" data-widget_type=\"text-editor.default\">\n\t\t\t\t<div class=\"elementor-widget-container\">\n\t\t\t\t\t\t\t\t\t<p><strong>Schlosspark Alt Rehse Entwicklungs GmbH<br><\/strong>Schlosspark 1, D-17217 Penzlin, Germany<br>Telephone:<a href=\"tel: +49 3962 221220\">+49 3962 221220<\/a><br>Email: <a href=\"mailto: natur@park-am-see.de\">natur@park-am-see.de<\/a><br>Commercial Register: Amtsgericht Neubrandenburg HRB 20320&nbsp; &nbsp; &nbsp; &nbsp;&nbsp;<br>\nManaging Director: Gabriele Wahl-Multerer<br>VAT ID No.: DE308428103<\/p>\t\t\t\t\t\t\t\t<\/div>\n\t\t\t\t<\/div>\n\t\t\t\t<\/div>\n\t\t\t\t\t<\/div>\n\t\t\t\t<\/div>\n\t\t<div class=\"elementor-element elementor-element-ea7b865 e-flex e-con-boxed e-con e-parent\" data-id=\"ea7b865\" data-element_type=\"container\" data-e-type=\"container\">\n\t\t\t\t\t<div class=\"e-con-inner\">\n\t\t\t\t<div class=\"elementor-element elementor-element-8ba6570 elementor-widget-divider--view-line elementor-widget elementor-widget-divider\" data-id=\"8ba6570\" data-element_type=\"widget\" data-e-type=\"widget\" data-widget_type=\"divider.default\">\n\t\t\t\t<div class=\"elementor-widget-container\">\n\t\t\t\t\t\t\t<div class=\"elementor-divider\">\n\t\t\t<span class=\"elementor-divider-separator\">\n\t\t\t\t\t\t<\/span>\n\t\t<\/div>\n\t\t\t\t\t\t<\/div>\n\t\t\t\t<\/div>\n\t\t\t\t\t<\/div>\n\t\t\t\t<\/div>\n\t\t<div class=\"elementor-element elementor-element-49fc64e e-flex e-con-boxed e-con e-parent\" data-id=\"49fc64e\" data-element_type=\"container\" data-e-type=\"container\">\n\t\t\t\t\t<div class=\"e-con-inner\">\n\t\t\t\t<div class=\"elementor-element elementor-element-1cfe1c3 elementor-widget elementor-widget-text-editor\" data-id=\"1cfe1c3\" data-element_type=\"widget\" data-e-type=\"widget\" data-widget_type=\"text-editor.default\">\n\t\t\t\t<div class=\"elementor-widget-container\">\n\t\t\t\t\t\t\t\t\t<p><strong>Web Design und WordPress Entwicklung<\/strong> \u2013 Web Design und SEO Unternehmen, Indien<br \/><a href=\"https:\/\/www.gileaddigital.in\/\">https:\/\/www.gileaddigital.in\/<\/a><br \/>In Zusammenarbeit mit Tinil Joseph, CEO von Gilead Digital<\/p><p>Bildnachweis<br \/>Wenn nicht anders angegeben: Seepark am See, Naturpark am See, Zimmerpark am See, Ayurveda Park am See, Landpark am See, Yoga Park am See, Ayurveda Park am See, Restaurant Park am See, Kulinarischer Park am See.<br \/>Zus\u00e4tzliche Quellen: <a href=\"https:\/\/www.freepik.com\">Freepik.com<\/a><\/p><p>Der Betreiber dieser Website nimmt nicht an einem Streitbeilegungsverfahren vor einer Verbraucherschlichtungsstelle teil.<\/p>\t\t\t\t\t\t\t\t<\/div>\n\t\t\t\t<\/div>\n\t\t\t\t<div class=\"elementor-element elementor-element-d3e88fb elementor-widget-divider--view-line elementor-widget elementor-widget-divider\" data-id=\"d3e88fb\" data-element_type=\"widget\" data-e-type=\"widget\" data-widget_type=\"divider.default\">\n\t\t\t\t<div class=\"elementor-widget-container\">\n\t\t\t\t\t\t\t<div class=\"elementor-divider\">\n\t\t\t<span class=\"elementor-divider-separator\">\n\t\t\t\t\t\t<\/span>\n\t\t<\/div>\n\t\t\t\t\t\t<\/div>\n\t\t\t\t<\/div>\n\t\t\t\t\t<\/div>\n\t\t\t\t<\/div>\n\t\t<div class=\"elementor-element elementor-element-ccbaef6 e-flex e-con-boxed e-con e-parent\" data-id=\"ccbaef6\" data-element_type=\"container\" data-e-type=\"container\">\n\t\t\t\t\t<div class=\"e-con-inner\">\n\t\t\t\t<div class=\"elementor-element elementor-element-8441915 elementor-widget elementor-widget-text-editor\" data-id=\"8441915\" data-element_type=\"widget\" data-e-type=\"widget\" data-widget_type=\"text-editor.default\">\n\t\t\t\t<div class=\"elementor-widget-container\">\n\t\t\t\t\t\t\t\t\t<p><strong>Rechtliche Hinweise \/ Streitbeilegung <\/strong><\/p><p>Die Europ\u00e4ische Kommission stellt eine Plattform f\u00fcr die Online-Streitbeilegung zur Verf\u00fcgung, die unter folgender Adresse zu finden ist: <a href=\"http:\/\/ec.europa.eu\/consumers\/odr\/\">http:\/\/ec.europa.eu\/consumers\/odr\/<\/a><\/p>\t\t\t\t\t\t\t\t<\/div>\n\t\t\t\t<\/div>\n\t\t\t\t<div class=\"elementor-element elementor-element-14ec730 elementor-widget-divider--view-line elementor-widget elementor-widget-divider\" data-id=\"14ec730\" data-element_type=\"widget\" data-e-type=\"widget\" data-widget_type=\"divider.default\">\n\t\t\t\t<div class=\"elementor-widget-container\">\n\t\t\t\t\t\t\t<div class=\"elementor-divider\">\n\t\t\t<span class=\"elementor-divider-separator\">\n\t\t\t\t\t\t<\/span>\n\t\t<\/div>\n\t\t\t\t\t\t<\/div>\n\t\t\t\t<\/div>\n\t\t\t\t\t<\/div>\n\t\t\t\t<\/div>\n\t\t<div class=\"elementor-element elementor-element-ef6673f e-flex e-con-boxed e-con e-parent\" data-id=\"ef6673f\" data-element_type=\"container\" data-e-type=\"container\">\n\t\t\t\t\t<div class=\"e-con-inner\">\n\t\t\t\t<div class=\"elementor-element elementor-element-42ab22c elementor-widget elementor-widget-heading\" data-id=\"42ab22c\" data-element_type=\"widget\" data-e-type=\"widget\" data-widget_type=\"heading.default\">\n\t\t\t\t<div class=\"elementor-widget-container\">\n\t\t\t\t\t<h2 class=\"elementor-heading-title elementor-size-default\">Haftungsausschluss<\/h2>\t\t\t\t<\/div>\n\t\t\t\t<\/div>\n\t\t\t\t<div class=\"elementor-element elementor-element-c446637 elementor-widget elementor-widget-text-editor\" data-id=\"c446637\" data-element_type=\"widget\" data-e-type=\"widget\" data-widget_type=\"text-editor.default\">\n\t\t\t\t<div class=\"elementor-widget-container\">\n\t\t\t\t\t\t\t\t\t<ol><li><strong>Inhalt des Onlineangebotes<\/strong><\/li><\/ol><p style=\"word-break: break-all;\">Der Autor \u00fcbernimmt keinerlei Gew\u00e4hr f\u00fcr die Richtigkeit, Vollst\u00e4ndigkeit und Aktualit\u00e4t der bereitgestellten Informationen. Haftungsanspr\u00fcche gegen den Autor, welche sich auf Sch\u00e4den materieller oder ideeller Art beziehen, die durch die Nutzung oder Nichtnutzung der dargebotenen Informationen bzw. durch die Nutzung fehlerhafter und unvollst\u00e4ndiger Informationen verursacht wurden, sind grunds\u00e4tzlich ausgeschlossen, sofern seitens des Autors kein nachweislich vors\u00e4tzliches oder grob fahrl\u00e4ssiges Verschulden vorliegt. Alle Angebote sind freibleibend und unverbindlich. Der Autor beh\u00e4lt es sich ausdr\u00fccklich vor, Teile der Seiten oder das gesamte Angebot ohne gesonderte Ank\u00fcndigung zu ver\u00e4ndern, zu erg\u00e4nzen oder zu l\u00f6schen.<br \/><br \/><\/p><ol start=\"2\"><li><strong>Verweise und Links<\/strong><\/li><\/ol><p style=\"word-break: break-all;\">Bei direkten oder indirekten Verweisen auf fremde Internetseiten (\u201eLinks\u201c), die au\u00dferhalb des Verantwortungsbereiches des Autors liegen, w\u00fcrde eine Haftungsverpflichtung ausschlie\u00dflich in dem Fall in Kraft treten, in dem der Autor von den Inhalten Kenntnis hat und es ihm technisch m\u00f6glich und zumutbar w\u00e4re, die Nutzung im Falle rechtswidriger Inhalte zu verhindern. Zum Zeitpunkt der Verlinkung waren alle verlinkten Seiten frei von illegalen Inhalten. Der Autor hat jedoch keinen Einfluss auf die zuk\u00fcnftige Gestaltung und die Inhalte der gelinkten Seiten und distanziert sich hiermit ausdr\u00fccklich von allen \u00c4nderungen, die nach der Linksetzung vorgenommen werden. F\u00fcr illegale, fehlerhafte oder unvollst\u00e4ndige Inhalte haftet allein der Anbieter der Seite, auf welche verwiesen wurde, nicht derjenige, der \u00fcber Links auf die jeweilige Ver\u00f6ffentlichung lediglich verweist.<br \/><br \/><\/p><ol start=\"3\"><li><strong>Urheber- und Kennzeichenrecht<\/strong><\/li><\/ol><p style=\"word-break: break-all;\">Der Autor ist bestrebt, in allen Publikationen die Urheberrechte der verwendeten Grafiken, Tondokumente, Videosequenzen und Texte zu beachten, von ihm selbst erstellte Grafiken und Texte zu nutzen oder auf lizenzfreie Materialien zur\u00fcckzugreifen. Alle innerhalb des Internetangebotes genannten und ggf. durch Dritte gesch\u00fctzten Marken- und Warenzeichen unterliegen uneingeschr\u00e4nkt den Bestimmungen des jeweils g\u00fcltigen Kennzeichenrechts und den Besitzrechten der jeweiligen eingetragenen Eigent\u00fcmer. Allein aufgrund der blo\u00dfen Nennung ist nicht der Schluss zu ziehen, dass Markenzeichen nicht durch Rechte Dritter gesch\u00fctzt sind. Eine Vervielf\u00e4ltigung oder Verwendung solcher Grafiken, Tondokumente, Videosequenzen und Texte in anderen elektronischen oder gedruckten Publikationen ist ohne ausdr\u00fcckliche Zustimmung des Autors nicht gestattet.<br \/><br \/><\/p><ol start=\"4\"><li style=\"word-break: break-all;\"><strong>Rechtswirksamkeit dieses Haftungsausschlusses<\/strong><\/li><\/ol><p>Dieser Haftungsausschluss ist als Teil des Internetangebotes zu betrachten, von dem aus auf diese Seite verwiesen wurde. Sofern Teile oder einzelne Formulierungen dieses Textes der geltenden Rechtslage nicht entsprechen sollten, bleiben die \u00fcbrigen Teile des Dokumentes in ihrem Inhalt und ihrer G\u00fcltigkeit davon unber\u00fchrt.<\/p>\t\t\t\t\t\t\t\t<\/div>\n\t\t\t\t<\/div>\n\t\t\t\t\t<\/div>\n\t\t\t\t<\/div>\n\t\t\t\t<\/div>\n\t\t","protected":false},"excerpt":{"rendered":"Verantwortlich f\u00fcr den Inhalt Nattika Ayurveda GmbHSchlosspark 1, 17217 Penzlin, GermanyTelephone: +49 3962 221220Email: reservation@nattikaayurveda.comCommercial Register: Amtsgericht Neubrandenburg HRB 21947\u00a0 \u00a0 \u00a0Managing Director: Mr. Joseph KodathVAT ID No.: DE363082258Schlosspark Alt Rehse Entwicklungs GmbHSchlosspark 1, D-17217 Penzlin, GermanyTelephone:+49 3962 221220Email: natur@park-am-see.deCommercial Register: Amtsgericht Neubrandenburg HRB 20320&nbsp; &nbsp; &nbsp; &nbsp;&nbsp; Managing Director: Gabriele Wahl-MultererVAT ID No.: DE308428103 [&hellip;]","protected":false},"author":2,"featured_media":0,"parent":0,"menu_order":0,"comment_status":"closed","ping_status":"closed","template":"","meta":{"footnotes":""},"class_list":["post-6069","page","type-page","status-publish","hentry"],"yoast_head":"<!-- This site is optimized with the Yoast SEO plugin v27.4 - https:\/\/yoast.com\/product\/yoast-seo-wordpress\/ -->\n<title>Impressum | Park Am See Nattika Ayurveda, Deutschland<\/title>\n<meta name=\"description\" content=\"Impressum und Kontaktdaten f\u00fcr Park am See Nattika Ayurveda Hotel in Deutschland. Transparenz und Einhaltung der deutschen gesetzlichen Bestimmungen.\" \/>\n<meta name=\"robots\" content=\"index, follow, max-snippet:-1, max-image-preview:large, max-video-preview:-1\" \/>\n<link rel=\"canonical\" href=\"https:\/\/gileaddigital.com\/nattika\/impressum\/\" \/>\n<meta property=\"og:locale\" content=\"en_US\" \/>\n<meta property=\"og:type\" content=\"article\" \/>\n<meta property=\"og:title\" content=\"Impressum | Park Am See Nattika Ayurveda, Deutschland\" \/>\n<meta property=\"og:description\" content=\"Impressum und Kontaktdaten f\u00fcr Park am See Nattika Ayurveda Hotel in Deutschland. Transparenz und Einhaltung der deutschen gesetzlichen Bestimmungen.\" \/>\n<meta property=\"og:url\" content=\"https:\/\/gileaddigital.com\/nattika\/impressum\/\" \/>\n<meta property=\"og:site_name\" content=\"Park Am See Nattika\" \/>\n<meta property=\"article:publisher\" content=\"https:\/\/www.facebook.com\/profile.php?id=61553061548393&amp;mibextid=ZbWKwL\" \/>\n<meta property=\"article:modified_time\" content=\"2025-06-09T08:38:20+00:00\" \/>\n<meta name=\"twitter:card\" content=\"summary_large_image\" \/>\n<meta name=\"twitter:label1\" content=\"Est. reading time\" \/>\n\t<meta name=\"twitter:data1\" content=\"3 minutes\" \/>\n<script type=\"application\/ld+json\" class=\"yoast-schema-graph\">{\"@context\":\"https:\\\/\\\/schema.org\",\"@graph\":[{\"@type\":\"WebPage\",\"@id\":\"https:\\\/\\\/gileaddigital.com\\\/nattika\\\/impressum\\\/\",\"url\":\"https:\\\/\\\/gileaddigital.com\\\/nattika\\\/impressum\\\/\",\"name\":\"Impressum | Park Am See Nattika Ayurveda, Deutschland\",\"isPartOf\":{\"@id\":\"https:\\\/\\\/gileaddigital.com\\\/nattika\\\/#website\"},\"datePublished\":\"2025-04-07T11:34:35+00:00\",\"dateModified\":\"2025-06-09T08:38:20+00:00\",\"description\":\"Impressum und Kontaktdaten f\u00fcr Park am See Nattika Ayurveda Hotel in Deutschland. Transparenz und Einhaltung der deutschen gesetzlichen Bestimmungen.\",\"breadcrumb\":{\"@id\":\"https:\\\/\\\/gileaddigital.com\\\/nattika\\\/impressum\\\/#breadcrumb\"},\"inLanguage\":\"en-US\",\"potentialAction\":[{\"@type\":\"ReadAction\",\"target\":[\"https:\\\/\\\/gileaddigital.com\\\/nattika\\\/impressum\\\/\"]}]},{\"@type\":\"BreadcrumbList\",\"@id\":\"https:\\\/\\\/gileaddigital.com\\\/nattika\\\/impressum\\\/#breadcrumb\",\"itemListElement\":[{\"@type\":\"ListItem\",\"position\":1,\"name\":\"Home\",\"item\":\"https:\\\/\\\/gileaddigital.com\\\/nattika\\\/\"},{\"@type\":\"ListItem\",\"position\":2,\"name\":\"Impressum\"}]},{\"@type\":\"WebSite\",\"@id\":\"https:\\\/\\\/gileaddigital.com\\\/nattika\\\/#website\",\"url\":\"https:\\\/\\\/gileaddigital.com\\\/nattika\\\/\",\"name\":\"Park Am See Nattika\",\"description\":\"Ayurveda Kur in Deutschland - Authentisches Retreat Park am See\",\"publisher\":{\"@id\":\"https:\\\/\\\/gileaddigital.com\\\/nattika\\\/#organization\"},\"potentialAction\":[{\"@type\":\"SearchAction\",\"target\":{\"@type\":\"EntryPoint\",\"urlTemplate\":\"https:\\\/\\\/gileaddigital.com\\\/nattika\\\/?s={search_term_string}\"},\"query-input\":{\"@type\":\"PropertyValueSpecification\",\"valueRequired\":true,\"valueName\":\"search_term_string\"}}],\"inLanguage\":\"en-US\"},{\"@type\":\"Organization\",\"@id\":\"https:\\\/\\\/gileaddigital.com\\\/nattika\\\/#organization\",\"name\":\"Park Am See Nattika\",\"url\":\"https:\\\/\\\/gileaddigital.com\\\/nattika\\\/\",\"logo\":{\"@type\":\"ImageObject\",\"inLanguage\":\"en-US\",\"@id\":\"https:\\\/\\\/gileaddigital.com\\\/nattika\\\/#\\\/schema\\\/logo\\\/image\\\/\",\"url\":\"https:\\\/\\\/gileaddigital.com\\\/nattika\\\/wp-content\\\/uploads\\\/2024\\\/12\\\/favicon-png.webp\",\"contentUrl\":\"https:\\\/\\\/gileaddigital.com\\\/nattika\\\/wp-content\\\/uploads\\\/2024\\\/12\\\/favicon-png.webp\",\"width\":32,\"height\":32,\"caption\":\"Park Am See Nattika\"},\"image\":{\"@id\":\"https:\\\/\\\/gileaddigital.com\\\/nattika\\\/#\\\/schema\\\/logo\\\/image\\\/\"},\"sameAs\":[\"https:\\\/\\\/www.facebook.com\\\/profile.php?id=61553061548393&mibextid=ZbWKwL\",\"https:\\\/\\\/www.instagram.com\\\/park.am.see.nattika\\\/\",\"https:\\\/\\\/www.youtube.com\\\/watch?v=dD89haX2moo\"]}]}<\/script>\n<!-- \/ Yoast SEO plugin. -->","yoast_head_json":{"title":"Impressum | Park Am See Nattika Ayurveda, Deutschland","description":"Impressum und Kontaktdaten f\u00fcr Park am See Nattika Ayurveda Hotel in Deutschland. Transparenz und Einhaltung der deutschen gesetzlichen Bestimmungen.","robots":{"index":"index","follow":"follow","max-snippet":"max-snippet:-1","max-image-preview":"max-image-preview:large","max-video-preview":"max-video-preview:-1"},"canonical":"https:\/\/gileaddigital.com\/nattika\/impressum\/","og_locale":"en_US","og_type":"article","og_title":"Impressum | Park Am See Nattika Ayurveda, Deutschland","og_description":"Impressum und Kontaktdaten f\u00fcr Park am See Nattika Ayurveda Hotel in Deutschland. Transparenz und Einhaltung der deutschen gesetzlichen Bestimmungen.","og_url":"https:\/\/gileaddigital.com\/nattika\/impressum\/","og_site_name":"Park Am See Nattika","article_publisher":"https:\/\/www.facebook.com\/profile.php?id=61553061548393&mibextid=ZbWKwL","article_modified_time":"2025-06-09T08:38:20+00:00","twitter_card":"summary_large_image","twitter_misc":{"Est. reading time":"3 minutes"},"schema":{"@context":"https:\/\/schema.org","@graph":[{"@type":"WebPage","@id":"https:\/\/gileaddigital.com\/nattika\/impressum\/","url":"https:\/\/gileaddigital.com\/nattika\/impressum\/","name":"Impressum | Park Am See Nattika Ayurveda, Deutschland","isPartOf":{"@id":"https:\/\/gileaddigital.com\/nattika\/#website"},"datePublished":"2025-04-07T11:34:35+00:00","dateModified":"2025-06-09T08:38:20+00:00","description":"Impressum und Kontaktdaten f\u00fcr Park am See Nattika Ayurveda Hotel in Deutschland. Transparenz und Einhaltung der deutschen gesetzlichen Bestimmungen.","breadcrumb":{"@id":"https:\/\/gileaddigital.com\/nattika\/impressum\/#breadcrumb"},"inLanguage":"en-US","potentialAction":[{"@type":"ReadAction","target":["https:\/\/gileaddigital.com\/nattika\/impressum\/"]}]},{"@type":"BreadcrumbList","@id":"https:\/\/gileaddigital.com\/nattika\/impressum\/#breadcrumb","itemListElement":[{"@type":"ListItem","position":1,"name":"Home","item":"https:\/\/gileaddigital.com\/nattika\/"},{"@type":"ListItem","position":2,"name":"Impressum"}]},{"@type":"WebSite","@id":"https:\/\/gileaddigital.com\/nattika\/#website","url":"https:\/\/gileaddigital.com\/nattika\/","name":"Park Am See Nattika","description":"Ayurveda Kur in Deutschland - Authentisches Retreat Park am See","publisher":{"@id":"https:\/\/gileaddigital.com\/nattika\/#organization"},"potentialAction":[{"@type":"SearchAction","target":{"@type":"EntryPoint","urlTemplate":"https:\/\/gileaddigital.com\/nattika\/?s={search_term_string}"},"query-input":{"@type":"PropertyValueSpecification","valueRequired":true,"valueName":"search_term_string"}}],"inLanguage":"en-US"},{"@type":"Organization","@id":"https:\/\/gileaddigital.com\/nattika\/#organization","name":"Park Am See Nattika","url":"https:\/\/gileaddigital.com\/nattika\/","logo":{"@type":"ImageObject","inLanguage":"en-US","@id":"https:\/\/gileaddigital.com\/nattika\/#\/schema\/logo\/image\/","url":"https:\/\/gileaddigital.com\/nattika\/wp-content\/uploads\/2024\/12\/favicon-png.webp","contentUrl":"https:\/\/gileaddigital.com\/nattika\/wp-content\/uploads\/2024\/12\/favicon-png.webp","width":32,"height":32,"caption":"Park Am See Nattika"},"image":{"@id":"https:\/\/gileaddigital.com\/nattika\/#\/schema\/logo\/image\/"},"sameAs":["https:\/\/www.facebook.com\/profile.php?id=61553061548393&mibextid=ZbWKwL","https:\/\/www.instagram.com\/park.am.see.nattika\/","https:\/\/www.youtube.com\/watch?v=dD89haX2moo"]}]}},"lang":"de","translations":{"de":6069,"en":6039},"pll_sync_post":[],"_links":{"self":[{"href":"https:\/\/gileaddigital.com\/nattika\/wp-json\/wp\/v2\/pages\/6069","targetHints":{"allow":["GET"]}}],"collection":[{"href":"https:\/\/gileaddigital.com\/nattika\/wp-json\/wp\/v2\/pages"}],"about":[{"href":"https:\/\/gileaddigital.com\/nattika\/wp-json\/wp\/v2\/types\/page"}],"author":[{"embeddable":true,"href":"https:\/\/gileaddigital.com\/nattika\/wp-json\/wp\/v2\/users\/2"}],"replies":[{"embeddable":true,"href":"https:\/\/gileaddigital.com\/nattika\/wp-json\/wp\/v2\/comments?post=6069"}],"version-history":[{"count":36,"href":"https:\/\/gileaddigital.com\/nattika\/wp-json\/wp\/v2\/pages\/6069\/revisions"}],"predecessor-version":[{"id":7622,"href":"https:\/\/gileaddigital.com\/nattika\/wp-json\/wp\/v2\/pages\/6069\/revisions\/7622"}],"wp:attachment":[{"href":"https:\/\/gileaddigital.com\/nattika\/wp-json\/wp\/v2\/media?parent=6069"}],"curies":[{"name":"wp","href":"https:\/\/api.w.org\/{rel}","templated":true}]}}