{"id":12434,"date":"2025-10-16T09:20:41","date_gmt":"2025-10-16T09:20:41","guid":{"rendered":"https:\/\/gileaddigital.com\/nattika\/?page_id=12434"},"modified":"2025-10-21T12:13:48","modified_gmt":"2025-10-21T12:13:48","slug":"doppelzimmer-standard","status":"publish","type":"page","link":"https:\/\/gileaddigital.com\/nattika\/zimmer\/doppelzimmer-standard\/","title":{"rendered":"DOPPELZIMMER STANDARD"},"content":{"rendered":"\t\t<div data-elementor-type=\"wp-page\" data-elementor-id=\"12434\" class=\"elementor elementor-12434\" data-elementor-post-type=\"page\">\n\t\t\t\t<div class=\"elementor-element elementor-element-f4f5d34 e-con-full e-flex e-con e-parent\" data-id=\"f4f5d34\" data-element_type=\"container\" data-e-type=\"container\" data-settings=\"{&quot;background_background&quot;:&quot;classic&quot;}\">\n\t\t\t\t<div class=\"elementor-element elementor-element-4340128 elementor-widget elementor-widget-heading\" data-id=\"4340128\" data-element_type=\"widget\" data-e-type=\"widget\" data-widget_type=\"heading.default\">\n\t\t\t\t<div class=\"elementor-widget-container\">\n\t\t\t\t\t<h2 class=\"elementor-heading-title elementor-size-default\">DOPPELZIMMER STANDARD\n<\/h2>\t\t\t\t<\/div>\n\t\t\t\t<\/div>\n\t\t\t\t<\/div>\n\t\t<div class=\"elementor-element elementor-element-811abc4 e-flex e-con-boxed e-con e-parent\" data-id=\"811abc4\" data-element_type=\"container\" data-e-type=\"container\">\n\t\t\t\t\t<div class=\"e-con-inner\">\n\t\t\t\t<div class=\"elementor-element elementor-element-3bac235 elementor-widget elementor-widget-html\" data-id=\"3bac235\" data-element_type=\"widget\" data-e-type=\"widget\" data-widget_type=\"html.default\">\n\t\t\t\t<div class=\"elementor-widget-container\">\n\t\t\t\t\t<section class=\"intro-single brdcrmb-container breadcrumb\">\r\n        <div class=\"container\">\r\n            <div class=\"row\">\r\n                <div class=\"col-md-8 col-lg-8\">\r\n                <\/div>\r\n                <div class=\"col-md-4 col-lg-4\">\r\n                    <nav aria-label=\"breadcrumb\" class=\"breadcrumb-box d-flex justify-content-lg-end\">\r\n\t\t\t\t\t\t<ol id=\"breadcrumb\" class=\"breadcrumb\"><li class=\"item-home breadcrumb-item\"><a class=\"bread-link bread-home\" href=\"https:\/\/gileaddigital.com\/nattika\" title=\"Home\">Home<\/a><\/li><li class=\"separator separator-home\"> \/ <\/li><li class=\"breadcrumb-item item-parent item-parent-1015\"><a class=\"bread-parent bread-parent-1015\" href=\"https:\/\/gileaddigital.com\/nattika\/zimmer\/\" title=\"Entdecken Sie unsere G\u00e4stezimmer\">Entdecken Sie unsere G\u00e4stezimmer<\/a><\/li><li class=\"separator separator-1015\"> \/ <\/li><li class=\"breadcrumb-item item-current item-12434\" aria-current=\"page\"><span title=\"DOPPELZIMMER STANDARD\"> DOPPELZIMMER STANDARD<\/span><\/li><\/ol>                    <\/nav>\r\n                <\/div>\r\n            <\/div>\r\n        <\/div>\r\n    <\/section>\t\t\t\t<\/div>\n\t\t\t\t<\/div>\n\t\t\t\t\t<\/div>\n\t\t\t\t<\/div>\n\t\t<div class=\"elementor-element elementor-element-8573fc7 e-flex e-con-boxed e-con e-parent\" data-id=\"8573fc7\" data-element_type=\"container\" data-e-type=\"container\">\n\t\t\t\t\t<div class=\"e-con-inner\">\n\t\t<div class=\"elementor-element elementor-element-09bfa33 e-con-full e-flex e-con e-child\" data-id=\"09bfa33\" data-element_type=\"container\" data-e-type=\"container\">\n\t\t\t\t<div class=\"elementor-element elementor-element-92b1748 header-right elementor-widget elementor-widget-text-editor\" data-id=\"92b1748\" data-element_type=\"widget\" data-e-type=\"widget\" data-widget_type=\"text-editor.default\">\n\t\t\t\t<div class=\"elementor-widget-container\">\n\t\t\t\t\t\t\t\t\t<ul><li><p>Das Doppelzimmer Standard ist Ihr behaglicher R\u00fcckzugsort w\u00e4hrend Ihrer <a href=\"https:\/\/gileaddigital.com\/nattika\/\">Ayurveda Kur<\/a>. Mit einer Gr\u00f6\u00dfe von 20 bis 24 m\u00b2 bietet es ausreichend Platz f\u00fcr ein oder zwei Personen, die Ruhe, Komfort und Naturverbundenheit suchen.<\/p><p><strong>Die Ausstattung im \u00dcberblick:<\/strong><\/p><p>\u2022 ein gro\u00dfz\u00fcgiges Queen-Size Boxspringbett von M\u00d6LLER DESIGN (180 cm Breite) f\u00fcr erholsamen Schlaf,<\/p><p>\u2022 ein ansprechendes Badezimmerdesign in Natursteinoptik, erg\u00e4nzt durch elegante schwarze Akzente in den Armaturen, mit Dusche, weichen Handt\u00fcchern und Haartrockner, teilweise mit Tageslicht,<\/p><p>\u2022 moderne Extras wie WLAN, Flachbildfernseher f\u00fcr den unkomplizierten Zugang zu Informationen und Unterhaltung.<\/p><\/li><\/ul>\t\t\t\t\t\t\t\t<\/div>\n\t\t\t\t<\/div>\n\t\t\t\t<\/div>\n\t\t<div class=\"elementor-element elementor-element-fe2ba4e e-con-full e-flex e-con e-child\" data-id=\"fe2ba4e\" data-element_type=\"container\" data-e-type=\"container\">\n\t\t\t\t<div class=\"elementor-element elementor-element-c2343c6 elementor-widget elementor-widget-image\" data-id=\"c2343c6\" data-element_type=\"widget\" data-e-type=\"widget\" data-widget_type=\"image.default\">\n\t\t\t\t<div class=\"elementor-widget-container\">\n\t\t\t\t\t\t\t\t\t\t\t\t\t\t\t<img fetchpriority=\"high\" decoding=\"async\" width=\"640\" height=\"542\" src=\"https:\/\/gileaddigital.com\/nattika\/wp-content\/uploads\/2024\/11\/single_comfort_thumbnail-jpg.webp\" class=\"attachment-large size-large wp-image-1047\" alt=\"single_comfort_thumbnail\" srcset=\"https:\/\/gileaddigital.com\/nattika\/wp-content\/uploads\/2024\/11\/single_comfort_thumbnail-jpg.webp 945w, https:\/\/gileaddigital.com\/nattika\/wp-content\/uploads\/2024\/11\/single_comfort_thumbnail-300x254.webp 300w, https:\/\/gileaddigital.com\/nattika\/wp-content\/uploads\/2024\/11\/single_comfort_thumbnail-768x650.webp 768w\" sizes=\"(max-width: 640px) 100vw, 640px\" \/>\t\t\t\t\t\t\t\t\t\t\t\t\t\t\t<\/div>\n\t\t\t\t<\/div>\n\t\t\t\t<\/div>\n\t\t\t\t\t<\/div>\n\t\t\t\t<\/div>\n\t\t<div class=\"elementor-element elementor-element-1b9f24b e-flex e-con-boxed e-con e-parent\" data-id=\"1b9f24b\" data-element_type=\"container\" data-e-type=\"container\">\n\t\t\t\t\t<div class=\"e-con-inner\">\n\t\t\t\t<div class=\"elementor-element elementor-element-e315f7a elementor-widget elementor-widget-text-editor\" data-id=\"e315f7a\" data-element_type=\"widget\" data-e-type=\"widget\" data-widget_type=\"text-editor.default\">\n\t\t\t\t<div class=\"elementor-widget-container\">\n\t\t\t\t\t\t\t\t\t<ul><li><p>Durch das harmonische Ambiente und den Blick ins Gr\u00fcne wird Ihr Aufenthalt zu einer wertvollen Zeit der Regeneration. Die unmittelbare Lage im <a href=\"https:\/\/gileaddigital.com\/nattika\/der-park\/\">Park<\/a> l\u00e4dt zu erholsamen Spazierg\u00e4ngen ein und schenkt zus\u00e4tzliche Ruhe.<\/p><p>Entdecken Sie in unsere <a href=\"https:\/\/gileaddigital.com\/nattika\/gallery\/\">Galerie<\/a>, die liebevoll zusammengestellten Zimmerimpressionen und unser hauseigenenes <a href=\"https:\/\/gileaddigital.com\/nattika\/kulinarik\/\">Ayurveda-Restaurant ANADI<\/a>, das Ihren Aufenthalt kulinarisch abrunden wird.<\/p><p>Buchen Sie Ihr Doppelzimmer Standard bequem \u00fcber unsere <a href=\"https:\/\/gileaddigital.com\/nattika\/reservierungen\">Reservierungen<\/a> oder telefonisch. Wir freuen uns, Sie in unserem Ayurveda Zentrum willkommen zu hei\u00dfen und Ihnen einen Ort der Erholung und Balance zu erleben.<\/p><\/li><\/ul>\t\t\t\t\t\t\t\t<\/div>\n\t\t\t\t<\/div>\n\t\t\t\t\t<\/div>\n\t\t\t\t<\/div>\n\t\t\t\t<\/div>\n\t\t","protected":false},"excerpt":{"rendered":"DOPPELZIMMER STANDARD Home \/ Entdecken Sie unsere G\u00e4stezimmer \/ DOPPELZIMMER STANDARD Das Doppelzimmer Standard ist Ihr behaglicher R\u00fcckzugsort w\u00e4hrend Ihrer Ayurveda Kur. Mit einer Gr\u00f6\u00dfe von 20 bis 24 m\u00b2 bietet es ausreichend Platz f\u00fcr ein oder zwei Personen, die Ruhe, Komfort und Naturverbundenheit suchen.Die Ausstattung im \u00dcberblick:\u2022 ein gro\u00dfz\u00fcgiges Queen-Size Boxspringbett von M\u00d6LLER DESIGN [&hellip;]","protected":false},"author":7,"featured_media":0,"parent":1015,"menu_order":0,"comment_status":"closed","ping_status":"closed","template":"page-with-slider.php","meta":{"footnotes":""},"class_list":["post-12434","page","type-page","status-publish","hentry"],"yoast_head":"<!-- This site is optimized with the Yoast SEO plugin v27.4 - https:\/\/yoast.com\/product\/yoast-seo-wordpress\/ -->\n<title>Doppelzimmer Standard im Ayurveda Kurzentrum<\/title>\n<meta name=\"description\" content=\"Das Doppelzimmer Standard im Park AM SEE Nattika am Tollensesee verbindet Komfort und Natur. Ideal f\u00fcr zwei Personen w\u00e4hrend Ihrer erholsamen Ayurveda Kur.\" \/>\n<meta name=\"robots\" content=\"index, follow, max-snippet:-1, max-image-preview:large, max-video-preview:-1\" \/>\n<link rel=\"canonical\" href=\"https:\/\/gileaddigital.com\/nattika\/zimmer\/doppelzimmer-standard\/\" \/>\n<meta property=\"og:locale\" content=\"en_US\" \/>\n<meta property=\"og:type\" content=\"article\" \/>\n<meta property=\"og:title\" content=\"Doppelzimmer Standard im Ayurveda Kurzentrum\" \/>\n<meta property=\"og:description\" content=\"Das Doppelzimmer Standard im Park AM SEE Nattika am Tollensesee verbindet Komfort und Natur. Ideal f\u00fcr zwei Personen w\u00e4hrend Ihrer erholsamen Ayurveda Kur.\" \/>\n<meta property=\"og:url\" content=\"https:\/\/gileaddigital.com\/nattika\/zimmer\/doppelzimmer-standard\/\" \/>\n<meta property=\"og:site_name\" content=\"Park Am See Nattika\" \/>\n<meta property=\"article:publisher\" content=\"https:\/\/www.facebook.com\/profile.php?id=61553061548393&amp;mibextid=ZbWKwL\" \/>\n<meta property=\"article:modified_time\" content=\"2025-10-21T12:13:48+00:00\" \/>\n<meta property=\"og:image\" content=\"https:\/\/gileaddigital.com\/nattika\/wp-content\/uploads\/2024\/11\/single_comfort_thumbnail-jpg.webp\" \/>\n<meta name=\"twitter:card\" content=\"summary_large_image\" \/>\n<meta name=\"twitter:label1\" content=\"Est. reading time\" \/>\n\t<meta name=\"twitter:data1\" content=\"2 minutes\" \/>\n<script type=\"application\/ld+json\" class=\"yoast-schema-graph\">{\"@context\":\"https:\\\/\\\/schema.org\",\"@graph\":[{\"@type\":\"WebPage\",\"@id\":\"https:\\\/\\\/gileaddigital.com\\\/nattika\\\/zimmer\\\/doppelzimmer-standard\\\/\",\"url\":\"https:\\\/\\\/gileaddigital.com\\\/nattika\\\/zimmer\\\/doppelzimmer-standard\\\/\",\"name\":\"Doppelzimmer Standard im Ayurveda Kurzentrum\",\"isPartOf\":{\"@id\":\"https:\\\/\\\/gileaddigital.com\\\/nattika\\\/#website\"},\"primaryImageOfPage\":{\"@id\":\"https:\\\/\\\/gileaddigital.com\\\/nattika\\\/zimmer\\\/doppelzimmer-standard\\\/#primaryimage\"},\"image\":{\"@id\":\"https:\\\/\\\/gileaddigital.com\\\/nattika\\\/zimmer\\\/doppelzimmer-standard\\\/#primaryimage\"},\"thumbnailUrl\":\"https:\\\/\\\/gileaddigital.com\\\/nattika\\\/wp-content\\\/uploads\\\/2024\\\/11\\\/single_comfort_thumbnail-jpg.webp\",\"datePublished\":\"2025-10-16T09:20:41+00:00\",\"dateModified\":\"2025-10-21T12:13:48+00:00\",\"description\":\"Das Doppelzimmer Standard im Park AM SEE Nattika am Tollensesee verbindet Komfort und Natur. Ideal f\u00fcr zwei Personen w\u00e4hrend Ihrer erholsamen Ayurveda Kur.\",\"breadcrumb\":{\"@id\":\"https:\\\/\\\/gileaddigital.com\\\/nattika\\\/zimmer\\\/doppelzimmer-standard\\\/#breadcrumb\"},\"inLanguage\":\"en-US\",\"potentialAction\":[{\"@type\":\"ReadAction\",\"target\":[\"https:\\\/\\\/gileaddigital.com\\\/nattika\\\/zimmer\\\/doppelzimmer-standard\\\/\"]}]},{\"@type\":\"ImageObject\",\"inLanguage\":\"en-US\",\"@id\":\"https:\\\/\\\/gileaddigital.com\\\/nattika\\\/zimmer\\\/doppelzimmer-standard\\\/#primaryimage\",\"url\":\"https:\\\/\\\/gileaddigital.com\\\/nattika\\\/wp-content\\\/uploads\\\/2024\\\/11\\\/single_comfort_thumbnail-jpg.webp\",\"contentUrl\":\"https:\\\/\\\/gileaddigital.com\\\/nattika\\\/wp-content\\\/uploads\\\/2024\\\/11\\\/single_comfort_thumbnail-jpg.webp\",\"width\":945,\"height\":800,\"caption\":\"single_comfort_thumbnail\"},{\"@type\":\"BreadcrumbList\",\"@id\":\"https:\\\/\\\/gileaddigital.com\\\/nattika\\\/zimmer\\\/doppelzimmer-standard\\\/#breadcrumb\",\"itemListElement\":[{\"@type\":\"ListItem\",\"position\":1,\"name\":\"Home\",\"item\":\"https:\\\/\\\/gileaddigital.com\\\/nattika\\\/\"},{\"@type\":\"ListItem\",\"position\":2,\"name\":\"Entdecken Sie unsere G\u00e4stezimmer\",\"item\":\"https:\\\/\\\/gileaddigital.com\\\/nattika\\\/zimmer\\\/\"},{\"@type\":\"ListItem\",\"position\":3,\"name\":\"DOPPELZIMMER STANDARD\"}]},{\"@type\":\"WebSite\",\"@id\":\"https:\\\/\\\/gileaddigital.com\\\/nattika\\\/#website\",\"url\":\"https:\\\/\\\/gileaddigital.com\\\/nattika\\\/\",\"name\":\"Park Am See Nattika\",\"description\":\"Ayurveda Kur in Deutschland - Authentisches Retreat Park am See\",\"publisher\":{\"@id\":\"https:\\\/\\\/gileaddigital.com\\\/nattika\\\/#organization\"},\"potentialAction\":[{\"@type\":\"SearchAction\",\"target\":{\"@type\":\"EntryPoint\",\"urlTemplate\":\"https:\\\/\\\/gileaddigital.com\\\/nattika\\\/?s={search_term_string}\"},\"query-input\":{\"@type\":\"PropertyValueSpecification\",\"valueRequired\":true,\"valueName\":\"search_term_string\"}}],\"inLanguage\":\"en-US\"},{\"@type\":\"Organization\",\"@id\":\"https:\\\/\\\/gileaddigital.com\\\/nattika\\\/#organization\",\"name\":\"Park Am See Nattika\",\"url\":\"https:\\\/\\\/gileaddigital.com\\\/nattika\\\/\",\"logo\":{\"@type\":\"ImageObject\",\"inLanguage\":\"en-US\",\"@id\":\"https:\\\/\\\/gileaddigital.com\\\/nattika\\\/#\\\/schema\\\/logo\\\/image\\\/\",\"url\":\"https:\\\/\\\/gileaddigital.com\\\/nattika\\\/wp-content\\\/uploads\\\/2024\\\/12\\\/favicon-png.webp\",\"contentUrl\":\"https:\\\/\\\/gileaddigital.com\\\/nattika\\\/wp-content\\\/uploads\\\/2024\\\/12\\\/favicon-png.webp\",\"width\":32,\"height\":32,\"caption\":\"Park Am See Nattika\"},\"image\":{\"@id\":\"https:\\\/\\\/gileaddigital.com\\\/nattika\\\/#\\\/schema\\\/logo\\\/image\\\/\"},\"sameAs\":[\"https:\\\/\\\/www.facebook.com\\\/profile.php?id=61553061548393&mibextid=ZbWKwL\",\"https:\\\/\\\/www.instagram.com\\\/park.am.see.nattika\\\/\",\"https:\\\/\\\/www.youtube.com\\\/watch?v=dD89haX2moo\"]}]}<\/script>\n<!-- \/ Yoast SEO plugin. -->","yoast_head_json":{"title":"Doppelzimmer Standard im Ayurveda Kurzentrum","description":"Das Doppelzimmer Standard im Park AM SEE Nattika am Tollensesee verbindet Komfort und Natur. Ideal f\u00fcr zwei Personen w\u00e4hrend Ihrer erholsamen Ayurveda Kur.","robots":{"index":"index","follow":"follow","max-snippet":"max-snippet:-1","max-image-preview":"max-image-preview:large","max-video-preview":"max-video-preview:-1"},"canonical":"https:\/\/gileaddigital.com\/nattika\/zimmer\/doppelzimmer-standard\/","og_locale":"en_US","og_type":"article","og_title":"Doppelzimmer Standard im Ayurveda Kurzentrum","og_description":"Das Doppelzimmer Standard im Park AM SEE Nattika am Tollensesee verbindet Komfort und Natur. Ideal f\u00fcr zwei Personen w\u00e4hrend Ihrer erholsamen Ayurveda Kur.","og_url":"https:\/\/gileaddigital.com\/nattika\/zimmer\/doppelzimmer-standard\/","og_site_name":"Park Am See Nattika","article_publisher":"https:\/\/www.facebook.com\/profile.php?id=61553061548393&mibextid=ZbWKwL","article_modified_time":"2025-10-21T12:13:48+00:00","og_image":[{"url":"https:\/\/gileaddigital.com\/nattika\/wp-content\/uploads\/2024\/11\/single_comfort_thumbnail-jpg.webp","type":"","width":"","height":""}],"twitter_card":"summary_large_image","twitter_misc":{"Est. reading time":"2 minutes"},"schema":{"@context":"https:\/\/schema.org","@graph":[{"@type":"WebPage","@id":"https:\/\/gileaddigital.com\/nattika\/zimmer\/doppelzimmer-standard\/","url":"https:\/\/gileaddigital.com\/nattika\/zimmer\/doppelzimmer-standard\/","name":"Doppelzimmer Standard im Ayurveda Kurzentrum","isPartOf":{"@id":"https:\/\/gileaddigital.com\/nattika\/#website"},"primaryImageOfPage":{"@id":"https:\/\/gileaddigital.com\/nattika\/zimmer\/doppelzimmer-standard\/#primaryimage"},"image":{"@id":"https:\/\/gileaddigital.com\/nattika\/zimmer\/doppelzimmer-standard\/#primaryimage"},"thumbnailUrl":"https:\/\/gileaddigital.com\/nattika\/wp-content\/uploads\/2024\/11\/single_comfort_thumbnail-jpg.webp","datePublished":"2025-10-16T09:20:41+00:00","dateModified":"2025-10-21T12:13:48+00:00","description":"Das Doppelzimmer Standard im Park AM SEE Nattika am Tollensesee verbindet Komfort und Natur. Ideal f\u00fcr zwei Personen w\u00e4hrend Ihrer erholsamen Ayurveda Kur.","breadcrumb":{"@id":"https:\/\/gileaddigital.com\/nattika\/zimmer\/doppelzimmer-standard\/#breadcrumb"},"inLanguage":"en-US","potentialAction":[{"@type":"ReadAction","target":["https:\/\/gileaddigital.com\/nattika\/zimmer\/doppelzimmer-standard\/"]}]},{"@type":"ImageObject","inLanguage":"en-US","@id":"https:\/\/gileaddigital.com\/nattika\/zimmer\/doppelzimmer-standard\/#primaryimage","url":"https:\/\/gileaddigital.com\/nattika\/wp-content\/uploads\/2024\/11\/single_comfort_thumbnail-jpg.webp","contentUrl":"https:\/\/gileaddigital.com\/nattika\/wp-content\/uploads\/2024\/11\/single_comfort_thumbnail-jpg.webp","width":945,"height":800,"caption":"single_comfort_thumbnail"},{"@type":"BreadcrumbList","@id":"https:\/\/gileaddigital.com\/nattika\/zimmer\/doppelzimmer-standard\/#breadcrumb","itemListElement":[{"@type":"ListItem","position":1,"name":"Home","item":"https:\/\/gileaddigital.com\/nattika\/"},{"@type":"ListItem","position":2,"name":"Entdecken Sie unsere G\u00e4stezimmer","item":"https:\/\/gileaddigital.com\/nattika\/zimmer\/"},{"@type":"ListItem","position":3,"name":"DOPPELZIMMER STANDARD"}]},{"@type":"WebSite","@id":"https:\/\/gileaddigital.com\/nattika\/#website","url":"https:\/\/gileaddigital.com\/nattika\/","name":"Park Am See Nattika","description":"Ayurveda Kur in Deutschland - Authentisches Retreat Park am See","publisher":{"@id":"https:\/\/gileaddigital.com\/nattika\/#organization"},"potentialAction":[{"@type":"SearchAction","target":{"@type":"EntryPoint","urlTemplate":"https:\/\/gileaddigital.com\/nattika\/?s={search_term_string}"},"query-input":{"@type":"PropertyValueSpecification","valueRequired":true,"valueName":"search_term_string"}}],"inLanguage":"en-US"},{"@type":"Organization","@id":"https:\/\/gileaddigital.com\/nattika\/#organization","name":"Park Am See Nattika","url":"https:\/\/gileaddigital.com\/nattika\/","logo":{"@type":"ImageObject","inLanguage":"en-US","@id":"https:\/\/gileaddigital.com\/nattika\/#\/schema\/logo\/image\/","url":"https:\/\/gileaddigital.com\/nattika\/wp-content\/uploads\/2024\/12\/favicon-png.webp","contentUrl":"https:\/\/gileaddigital.com\/nattika\/wp-content\/uploads\/2024\/12\/favicon-png.webp","width":32,"height":32,"caption":"Park Am See Nattika"},"image":{"@id":"https:\/\/gileaddigital.com\/nattika\/#\/schema\/logo\/image\/"},"sameAs":["https:\/\/www.facebook.com\/profile.php?id=61553061548393&mibextid=ZbWKwL","https:\/\/www.instagram.com\/park.am.see.nattika\/","https:\/\/www.youtube.com\/watch?v=dD89haX2moo"]}]}},"lang":"de","translations":{"de":12434,"en":12689},"pll_sync_post":[],"_links":{"self":[{"href":"https:\/\/gileaddigital.com\/nattika\/wp-json\/wp\/v2\/pages\/12434","targetHints":{"allow":["GET"]}}],"collection":[{"href":"https:\/\/gileaddigital.com\/nattika\/wp-json\/wp\/v2\/pages"}],"about":[{"href":"https:\/\/gileaddigital.com\/nattika\/wp-json\/wp\/v2\/types\/page"}],"author":[{"embeddable":true,"href":"https:\/\/gileaddigital.com\/nattika\/wp-json\/wp\/v2\/users\/7"}],"replies":[{"embeddable":true,"href":"https:\/\/gileaddigital.com\/nattika\/wp-json\/wp\/v2\/comments?post=12434"}],"version-history":[{"count":34,"href":"https:\/\/gileaddigital.com\/nattika\/wp-json\/wp\/v2\/pages\/12434\/revisions"}],"predecessor-version":[{"id":12531,"href":"https:\/\/gileaddigital.com\/nattika\/wp-json\/wp\/v2\/pages\/12434\/revisions\/12531"}],"up":[{"embeddable":true,"href":"https:\/\/gileaddigital.com\/nattika\/wp-json\/wp\/v2\/pages\/1015"}],"wp:attachment":[{"href":"https:\/\/gileaddigital.com\/nattika\/wp-json\/wp\/v2\/media?parent=12434"}],"curies":[{"name":"wp","href":"https:\/\/api.w.org\/{rel}","templated":true}]}}